7
Let w(u) = 90*u**3 - u**2 - 42*u**3 - 42*u**3 + 1. Give w(-1).
-6
Let c(p) be the first derivative of -p**4/2 - p**3/3 + 5*p**2/2 + 6*p - 6843. Calculate c(-2).
8
Suppose -4*d + 30 = -2. Let l(i) = 13*i + 66. Let a(j) = 3*j + 16. Let t(g) = -9*a(g) + 2*l(g). Let m(v) = 4. Let k(f) = d*m(f) + 3*t(f). Calculate k(3).
-13
Let i(t) = -2*t - 4. Suppose 0 = -2*n - 10, n = -3*r + 2*n + 230. Let f = r - 45. Let b = f + -35. What is i(b)?
6
Let s(l) = 2*l - 5. Suppose -5*h + 4*m = -83, -3*m - 7 - 3 = -h. Let r = -13 + h. Suppose -36 = -r*o - 12. Determine s(o).
3
Let r(l) = 46 - 266*l + 102*l + 168*l. Give r(-8).
14
Let p(t) be the first derivative of t**3/3 + 3*t**2 - 11*t + 478. Determine p(2).
5
Let o(v) be the third derivative of v**6/120 - v**5/30 - v**4/4 - 2*v**3/3 + 3*v**2 + 46*v + 3. What is o(-2)?
-8
Let n(l) = -2001*l - 1992*l - 146 + 4003*l. Determine n(15).
4
Let n(c) = -c**3 - 6*c**2. Let h be ((-28)/(-12))/(-7)*18*-2. Suppose -9*g - h*g = 105. Calculate n(g).
-25
Let b(l) = -l**3 + 10*l**2 - 10*l. Suppose -g + 2*y = -6 + 2, -3*y = -3*g + 24. Suppose -g*t = 23*t - 315. What is b(t)?
-9
Let t = -6 - 0. Let f be t*1/(-2) + (2 - 0). Suppose f = 2*d - 7*k + 4*k, 11 = 3*d - k. Let c(w) = -w**3 + 5*w**2 - 5*w + 2. What is c(d)?
-2
Let s(b) be the second derivative of -9*b**5/20 + b**4/6 - b**2/2 + b - 2842. Let x = 8 - 6. Suppose x*p - 18 = 5*g + 9, 0 = -2*p - g - 3. What is s(p)?
-8
Let n(m) be the third derivative of -m**6/180 + m**5/120 - m**4/12 - 13*m**3/3 + 91*m**2. Let s(u) be the second derivative of n(u). Give s(-3).
13
Let r be (-1100)/(-176) + (-2)/8. Let u(s) = 5*s + r*s - 8*s. What is u(5)?
15
Suppose 2*y + 4*u + 5 = -3*y, y = -3*u - 12. Let l(z) = -17*z**2 + 17*z - 8. Let t(g) = 11*g**2 - 11*g + 5. Let m(o) = 5*l(o) + 8*t(o). Calculate m(y).
18
Let g(i) = -7*i + 40. Suppose -3*m + 4*m + 2*y = 15, 0 = 2*m + 6*y - 40. Calculate g(m).
5
Let n(l) = -l**2 - 6*l**3 - 3*l + 7*l**2 + 1414 + 5*l**3 + 20*l - 1420. Give n(7).
64
Let b be 1*((-53183)/(-4) + (-33)/44). Let j(p) = -2*p**2 - 2*p**3 - 13302 + p + 3*p**2 + 3*p**3 + b. Give j(0).
-7
Let i(x) be the third derivative of 0*x - 1/6*x**4 + 1/20*x**5 + 0 + 1/3*x**3 + 95*x**2. Give i(2).
6
Let f(r) = r**2 - 9*r - 8. Let w(q) = -9*q. Let d = 243 + -244. Let x be w(d). Calculate f(x).
-8
Let n(q) = 426*q - 42. Let m(x) = -266*x + 28. Let d(r) = 8*m(r) + 5*n(r). Give d(-4).
6
Let m(r) = -r + 43. Let u be m(3). Suppose -40*t - u = -50*t. Let o(h) be the third derivative of -h**5/60 + h**4/6 - 2*h**3/3 + 8*h**2. Give o(t).
-4
Let t be 5*4/100 + 292/(-10). Let k be t/(-174)*(30 + 0). Let l(y) = -y**2 + 4*y - 3. What is l(k)?
-8
Let x(g) = 4*g**2 + 10*g + 9. Let w(v) = -v**2 - v - 1. Let s(q) = -3*w(q) - x(q). Suppose 5*d + 14 - 64 = 5*o, 4*d - 22 = o. What is s(o)?
0
Let x(t) = t**3 + 3*t**2 + 4*t + 3. Let u(q) = -5*q**2 + 3*q + 4. Let a be u(-1). Determine x(a).
-29
Suppose 0 = 48*k + 131 - 371. Let h(n) = -3*n**2 + 16*n - 2. Give h(k).
3
Let y(q) be the first derivative of q**4/2 - q**3 + 3*q**2 + 5*q - 2797. Give y(-3).
-94
Suppose 19*n + 341 = 1766. Let u(g) = 11*g - n*g**2 - g**3 + 72*g**2 - 2 - 10*g. Give u(-3).
-5
Let a be -5 - (-2 + -1 + 1). Let x(k) = -4*k - 1. Let z(m) = 5*m - 1. Suppose -11*i = -34 + 1. Let u(n) = i*z(n) + 4*x(n). What is u(a)?
-4
Let f(j) = -5*j - 98. Let v be f(-16). Let r(d) = 8*d + 1. Let n(h) = -71*h - 15. Let c(u) = v*r(u) - 2*n(u). Give c(0).
12
Let r = -275 + 340. Suppose -r = -0*v + 13*v. Let i(w) = -3*w**2 + w - 10. Let b(x) = -x**2 - 1. Let c(u) = -4*b(u) + i(u). Determine c(v).
14
Let d(m) = -2*m**2 - 8*m. Let a be 10*(322/35 + -5). Suppose -115 = a*g - 19*g. What is d(g)?
-10
Suppose -2*f = -4*d - 24, -2*f + 84 = 3*f - 4*d. Let y = f - 18. Suppose 4*p + y*w + 13 = p, 2*p - 4*w = -14. Let i(k) = k + 1. What is i(p)?
-4
Suppose -104 + 452 = p. Suppose 5*o - p = 2*o. Let j be -3 - (o/(-14) - (-2)/7). Let s(u) = u + 2. Give s(j).
7
Let n(y) = -y**2 + 12*y - 14. Suppose 3*u - 49 = 3*h - 2*h, 2*h - 46 = -3*u. Suppose f - 3*g = u, 3 = -4*f - 5*g + 33. Give n(f).
6
Let j(v) = -v**3 + 4*v**2 + 12*v - 24. Let g be (-13)/(65/(-30)) + ((-4)/1)/4. Determine j(g).
11
Suppose 835 = 3*m - 5*b, 3*b + 9 = 3. Let j(f) = m*f + 276*f + 6 - 554*f - f**2. Give j(-6).
-12
Let k(r) be the second derivative of r**5/120 - r**4/4 + 4*r**3 - r**2/2 + 121*r. Let h(j) be the second derivative of k(j). Determine h(-6).
-12
Let j(l) = 29 - 57 - l**2 - 101*l + 112*l. Determine j(6).
2
Let o(n) = -5*n**2 + 17*n + 13. Let d(w) = -14*w**2 + 50*w + 38. Let v(h) = -6*d(h) + 17*o(h). Suppose 687*k + 3343 = -2153. Determine v(k).
17
Let o(j) be the second derivative of -4*j**3/3 - 25*j**2 - 3970*j. What is o(-7)?
6
Suppose -11 = h - 5*w, 247*w - 243*w = h + 9. Let u(y) be the second derivative of y - 9/20*y**5 + 1/6*y**4 + 0 + 0*y**3 - 1/2*y**2. Calculate u(h).
10
Let h(s) be the second derivative of s**5/20 - 19*s**4/4 + 32*s**3/3 - 225*s**2 + 2328*s - 1. Give h(56).
-2
Let g(p) = p**3 + 5*p**2 + 3. Let a(f) = f**3 + 5*f**2 - 11*f + 4. Let u be a(-6). Let v = u - 26. Suppose -v = 5*k + 17. Determine g(k).
3
Let c(n) = 7*n**3 - 3*n**2 + 2*n. Let h(r) = 32*r**3 - 14*r**2 + 9*r + 1. Let z(m) = 9*c(m) - 2*h(m). Give z(0).
-2
Let v(y) be the third derivative of 1/120*y**6 - 1/4*y**4 - 7/60*y**5 + 0*y + 16*y**2 - 3/2*y**3 + 0. What is v(8)?
7
Let a(y) be the first derivative of -9*y**2/2 + 10*y - 3. Let x(c) = 254 - 512 + 10*c + 247. Let t(j) = 7*a(j) + 6*x(j). Calculate t(5).
-11
Let h(s) = -s**3 - 6*s**2 + 7*s + 7. Let w be 0 - (84/24)/((-1)/2). Suppose -3*j = -w + 25. Calculate h(j).
-35
Let j(p) = -7*p + 38. Let f be j(6). Let w be ((-4)/(-7))/(2/7). Let z(a) = a - 2 + 3*a - w*a. Give z(f).
-10
Suppose -5*t + 2*b = 0, 11*b - 6*b - 33 = -4*t. Let w = 3 - 0. Let n be -2 - (w - 1)/t. Let q(f) = -f**3 - 4*f**2 - 3*f - 3. Give q(n).
-3
Let h(x) = -18 + 34 - 11 - 8. Let w(t) = -t**2 + 7. Let g(d) = 9*h(d) + 4*w(d). Let q = -12 + 10. Determine g(q).
-15
Let g(v) = -v**3 - 13*v**2 + 3*v + 41. Let z be g(-13). Let i(r) be the first derivative of -r**2 + 2*r - 13. Give i(z).
-2
Let j(i) = i**3 - 2*i + 1. Let m(y) = -6*y**2 + 4*y - 9. Let q be m(-3). Let n = q - -79. Suppose 4*d - 4*k - 8 = -n, 0 = 4*d + 4*k - 12. Give j(d).
5
Let u(c) = 2*c**2 + 26*c - 31. Let g be 3*(4 + 5/(-20))*324/(-243). Calculate u(g).
29
Let t(s) = -3*s + 2. Let v = 676 + -374. Let y = -298 + v. What is t(y)?
-10
Suppose i + 4*f + f - 11 = 0, 2*i - 4*f + 34 = 0. Let r(g) = 51*g - 72*g + 6 + g**2 + 32*g. What is r(i)?
-12
Let k = 1247/3561 + -20/1187. Let a(y) be the first derivative of 6*y - 23 - k*y**3 + 0*y**2. What is a(0)?
6
Let v(p) be the first derivative of 0*p**2 - 1/360*p**6 - 1/12*p**5 + 0*p - 29/3*p**3 - 1/3*p**4 + 22. Let f(j) be the third derivative of v(j). What is f(-8)?
8
Let z = 13 - -5. Let y = -19 + z. Let d(c) = 14*c**3 - 5*c**2 - c - 7. Let q(t) = -28*t**3 + 11*t**2 + 2*t + 15. Let o(l) = 13*d(l) + 6*q(l). Determine o(y).
-13
Let k(z) = 159*z - 11. Let y be k(-1). Let r = y - -175. Let o(i) = -i + 8. Give o(r).
3
Let d = 5 - 5. Let t(g) = -2*g + d + 0*g + 3*g + 4. Suppose 67*v = 53*v - 126. What is t(v)?
-5
Let h(z) be the second derivative of 0*z**3 + 1/720*z**6 + 1/40*z**5 + 0*z**2 + 0 - 2*z - 23/12*z**4. Let i(v) be the third derivative of h(v). Give i(0).
3
Let r(v) = 3*v + 4. Let o(p) = -15*p - 31. Let c(z) = 3*o(z) + 12*r(z). Determine c(-5).
0
Let r(z) = z**3 + 4*z**2 - 6*z + 4. Suppose 7*w = 5*w + 1366. Suppose w*i + 24 = 679*i. Calculate r(i).
-32
Let o = 13 - -3. Suppose w - 2*w = 3*d - o, -d + 12 = 2*w. Let f(g) be the third derivative of -g**5/30 + g**4/4 - g**3/3 + 2*g**2. Determine f(d).
-10
Suppose 64 = -363*x + 427*x. Let c(m) = 5*m**3 + m**2 - m + 1. Determine c(x).
6
Suppose -4*n - 55 = n. Let u be 30/(-165) - (-20)/n. Let r(h) be the third derivative of -h**5/60 + h**4/24 + h**3/3 - 103*h**2. What is r(u)?
-4
Suppose -6*o + 4*r = -5*o + 3, 2*r + 2 = 0. Let h(b) = -26*b**2 + 19*b - 19. Let d(z) = 15*z**2 - 9*z + 10. Let g(p) = o*d(p) - 4*h(p). What is g(-9)?
42
Let j(s) = -s**3 + 2*s**2 + 12*s - 8. Suppose -2*x = 3*k + 4 - 5 - 9, 4*k = 0. Calculate j(x).
-23
Suppose 55*f - 51*f - 4 = 0. Let d(i) = i. Let p(m) = -4*m - 9. Let n(y) = f*p(y) + 3*d(y). Let v be (-13 - (-1 + -3)) + 3. Determ